{"id":350,"date":"2021-02-12T10:33:16","date_gmt":"2021-02-12T10:33:16","guid":{"rendered":"https:\/\/teckel-kibo.de\/?page_id=350"},"modified":"2021-02-12T14:39:36","modified_gmt":"2021-02-12T14:39:36","slug":"begleithundepruefung","status":"publish","type":"page","link":"https:\/\/teckel-kibo.de\/?page_id=350","title":{"rendered":"Begleithundepr\u00fcfung"},"content":{"rendered":"<div data-colibri-id=\"350-c1\" class=\"style-291 style-local-350-c1 position-relative\">\n  <!---->\n  <div data-colibri-component=\"section\" data-colibri-id=\"350-c2\" id=\"about\" class=\"h-section h-section-global-spacing d-flex align-items-lg-center align-items-md-center align-items-center style-292 style-local-350-c2 position-relative\">\n    <!---->\n    <!---->\n    <div class=\"h-section-grid-container h-section-boxed-container\">\n      <div data-colibri-id=\"350-c11\" class=\"h-row-container gutters-row-lg-2 gutters-row-md-2 gutters-row-2 gutters-row-v-lg-2 gutters-row-v-md-2 gutters-row-v-2 style-297 style-local-350-c11 position-relative\">\n        <!---->\n        <div class=\"h-row justify-content-lg-center justify-content-md-center justify-content-center align-items-lg-stretch align-items-md-stretch align-items-stretch gutters-col-lg-2 gutters-col-md-2 gutters-col-2 gutters-col-v-lg-2 gutters-col-v-md-2 gutters-col-v-2\">\n          <!---->\n          <div class=\"h-column h-column-container d-flex h-col-lg-auto h-col-md-auto h-col-auto style-298-outer style-local-350-c12-outer\">\n            <div data-colibri-id=\"350-c12\" class=\"d-flex h-flex-basis h-column__inner h-px-lg-2 h-px-md-2 h-px-2 v-inner-lg-2 v-inner-md-2 v-inner-2 style-298 style-local-350-c12 position-relative\">\n              <!---->\n              <!---->\n              <div class=\"w-100 h-y-container h-column__content h-column__v-align flex-basis-100 align-self-lg-start align-self-md-start align-self-start\">\n                <!---->\n                <div data-colibri-id=\"350-c13\" class=\"h-global-transition-all h-heading style-299 style-local-350-c13 position-relative h-element\">\n                  <!---->\n                  <div class=\"h-heading__outer style-299 style-local-350-c13\">\n                    <!---->\n                    <!---->\n                    <h5 class=\"\"><\/h5>\n                  <\/div>\n                <\/div>\n                <div data-colibri-id=\"350-c14\" class=\"h-global-transition-all h-heading style-300 style-local-350-c14 position-relative h-element\">\n                  <!---->\n                  <div class=\"h-heading__outer style-300 style-local-350-c14\">\n                    <!---->\n                    <!---->\n                    <h2 class=\"\">Der Weg zum alltagstauglichen Teckel<\/h2>\n                  <\/div>\n                <\/div>\n                <div data-colibri-id=\"350-c15\" class=\"h-lead h-text h-text-component style-301 style-local-350-c15 position-relative h-element\">\n                  <!---->\n                  <!---->\n                  <div class=\"\">\n                    <p>Die Gruppe Kirchheimbolanden bietet pro Jahr einen Begleithundekurs mit anschlie\u00dfender Pr\u00fcfung an. Die w\u00f6chentlichen \u00dcbungsstunden bereiten Sie und Ihren Hund nicht nur optimal auf die Pr\u00fcfung vor, sondern vor allem auch auf Alltagssituationen:\n                      Verhalten in der Menschenmenge, der Umgang mit pl\u00f6tzlichen Ger\u00e4uschen oder sicheres \u00dcberqueren einer Stra\u00dfe werden ge\u00fcbt.<\/p>\n                  <\/div>\n                <\/div>\n              <\/div>\n            <\/div>\n          <\/div>\n        <\/div>\n      <\/div>\n      <div data-colibri-id=\"350-c3\" class=\"h-row-container gutters-row-lg-2 gutters-row-md-2 gutters-row-0 gutters-row-v-lg-2 gutters-row-v-md-2 gutters-row-v-2 style-304 style-local-350-c3 position-relative\">\n        <!---->\n        <div class=\"h-row justify-content-lg-center justify-content-md-center justify-content-center align-items-lg-stretch align-items-md-stretch align-items-stretch gutters-col-lg-2 gutters-col-md-2 gutters-col-0 gutters-col-v-lg-2 gutters-col-v-md-2 gutters-col-v-2\">\n          <!---->\n          <div class=\"h-column h-column-container d-flex h-col-lg-6 h-col-md-6 h-col-12 style-305-outer style-local-350-c4-outer\">\n            <div data-colibri-id=\"350-c4\" class=\"d-flex h-flex-basis h-column__inner h-px-lg-0 h-px-md-0 h-px-0 v-inner-lg-0 v-inner-md-0 v-inner-0 style-305 style-local-350-c4 position-relative\">\n              <!---->\n              <!---->\n              <div class=\"w-100 h-y-container h-column__content h-column__v-align flex-basis-100 align-self-lg-start align-self-md-start align-self-start\">\n                <!---->\n                <div data-colibri-id=\"350-c5\" class=\"h-x-container style-302 style-local-350-c5 position-relative h-element\">\n                  <!---->\n                  <div class=\"h-x-container-inner style-dynamic-350-c5-group style-302-spacing style-local-350-c5-spacing\"><span class=\"h-button__outer style-303-outer style-local-350-c6-outer d-inline-flex h-element\"><a h-use-smooth-scroll=\"true\" href=\"https:\/\/www.dtk1888.de\/begleithundepruefung.html\"  data-colibri-id=\"350-c6\" class=\"d-flex w-100 align-items-center h-button justify-content-lg-center justify-content-md-center justify-content-center style-303 style-local-350-c6 position-relative\"><!----><!----> <span>Mehr Informationen<\/span><\/a>\n                    <\/span>\n                  <\/div>\n                <\/div>\n              <\/div>\n            <\/div>\n          <\/div>\n        <\/div>\n      <\/div>\n      <div data-colibri-id=\"350-c7\" class=\"h-row-container gutters-row-lg-0 gutters-row-md-0 gutters-row-0 gutters-row-v-lg-0 gutters-row-v-md-0 gutters-row-v-0 style-324 style-local-350-c7 h-overflow-hidden position-relative\">\n        <!---->\n        <div class=\"h-row justify-content-lg-center justify-content-md-center justify-content-center align-items-lg-end align-items-md-end align-items-end gutters-col-lg-0 gutters-col-md-0 gutters-col-0 gutters-col-v-lg-0 gutters-col-v-md-0 gutters-col-v-0\">\n          <!---->\n          <div class=\"h-column h-column-container d-flex h-col-lg-auto h-col-md-auto h-col-auto align-self-lg-end align-self-md-end align-self-end style-325-outer style-local-350-c8-outer\">\n            <div data-colibri-id=\"350-c8\" class=\"d-flex h-flex-basis h-column__inner h-ui-empty-state-container h-px-lg-0 h-px-md-0 h-px-0 v-inner-lg-0 v-inner-md-0 v-inner-0 style-325 style-local-350-c8 position-relative\">\n              <!---->\n              <!---->\n              <div class=\"w-100 h-y-container h-column__content h-column__v-align flex-basis-100\">\n                <!---->\n              <\/div>\n            <\/div>\n          <\/div>\n          <div class=\"h-column h-column-container d-flex h-col-lg-auto h-col-md-auto h-col-auto align-self-lg-end align-self-md-end align-self-end style-326-outer style-local-350-c9-outer\">\n            <div data-colibri-id=\"350-c9\" class=\"d-flex h-flex-basis h-column__inner h-ui-empty-state-container h-px-lg-0 h-px-md-0 h-px-0 v-inner-lg-0 v-inner-md-0 v-inner-0 style-326 style-local-350-c9 position-relative\">\n              <!---->\n              <!---->\n              <div class=\"w-100 h-y-container h-column__content h-column__v-align flex-basis-100\">\n                <!---->\n              <\/div>\n            <\/div>\n          <\/div>\n          <div class=\"h-column h-column-container d-flex h-col-lg-auto h-col-md-auto h-col-auto align-self-lg-end align-self-md-end align-self-end style-327-outer style-local-350-c10-outer\">\n            <div data-colibri-id=\"350-c10\" class=\"d-flex h-flex-basis h-column__inner h-ui-empty-state-container h-px-lg-0 h-px-md-0 h-px-0 v-inner-lg-0 v-inner-md-0 v-inner-0 style-327 style-local-350-c10 position-relative\">\n              <!---->\n              <!---->\n              <div class=\"w-100 h-y-container h-column__content h-column__v-align flex-basis-100\">\n                <!---->\n              <\/div>\n            <\/div>\n          <\/div>\n        <\/div>\n      <\/div>\n    <\/div>\n  <\/div>\n<\/div>","protected":false},"excerpt":{"rendered":"<p>Der Weg zum alltagstauglichen Teckel Die Gruppe Kirchheimbolanden bietet pro Jahr einen Begleithundekurs mit anschlie\u00dfender Pr\u00fcfung an. Die w\u00f6chentlichen \u00dcbungsstunden bereiten Sie und Ihren Hund nicht nur optimal auf die Pr\u00fcfung vor, sondern vor allem auch auf Alltagssituationen: Verhalten in der Menschenmenge, der Umgang mit pl\u00f6tzlichen Ger\u00e4uschen oder sicheres \u00dcberqueren einer Stra\u00dfe werden ge\u00fcbt. Mehr [&hellip;]<\/p>\n","protected":false},"author":1,"featured_media":0,"parent":0,"menu_order":0,"comment_status":"closed","ping_status":"closed","template":"page-templates\/full-width-page.php","meta":[],"_links":{"self":[{"href":"https:\/\/teckel-kibo.de\/index.php?rest_route=\/wp\/v2\/pages\/350"}],"collection":[{"href":"https:\/\/teckel-kibo.de\/index.php?rest_route=\/wp\/v2\/pages"}],"about":[{"href":"https:\/\/teckel-kibo.de\/index.php?rest_route=\/wp\/v2\/types\/page"}],"author":[{"embeddable":true,"href":"https:\/\/teckel-kibo.de\/index.php?rest_route=\/wp\/v2\/users\/1"}],"replies":[{"embeddable":true,"href":"https:\/\/teckel-kibo.de\/index.php?rest_route=%2Fwp%2Fv2%2Fcomments&post=350"}],"version-history":[{"count":9,"href":"https:\/\/teckel-kibo.de\/index.php?rest_route=\/wp\/v2\/pages\/350\/revisions"}],"predecessor-version":[{"id":690,"href":"https:\/\/teckel-kibo.de\/index.php?rest_route=\/wp\/v2\/pages\/350\/revisions\/690"}],"wp:attachment":[{"href":"https:\/\/teckel-kibo.de\/index.php?rest_route=%2Fwp%2Fv2%2Fmedia&parent=350"}],"curies":[{"name":"wp","href":"https:\/\/api.w.org\/{rel}","templated":true}]}}